te number?
True
Is 4421652901 prime?
True
Is 73875435429 composite?
True
Is 8367706163 prime?
False
Is 53615976311 a prime number?
True
Is 5058313027 prime?
False
Is 1278845987 prime?
True
Is 9800833349 a composite number?
False
Is 92590283 composite?
True
Is 30832267631 composite?
True
Is 300708977 a prime number?
True
Is 175140761 a prime number?
False
Is 18640470209 a prime number?
False
Is 100961367301 a prime number?
True
Is 2399579395 a prime number?
False
Is 10128018919 composite?
True
Is 20577964837 a composite number?
True
Is 1599405359 prime?
True
Is 4127336701 prime?
False
Is 2637436019 prime?
True
Is 13776269921 prime?
True
Is 193827901 composite?
False
Is 25055869 composite?
True
Is 180231767 composite?
False
Is 1022223467 a prime number?
True
Is 114265528359 composite?
True
Is 2520842123 a prime number?
True
Is 814575963779 a composite number?
False
Is 8520177427 a composite number?
True
Is 1089571 a prime number?
False
Is 119271922321 a composite number?
True
Is 44008125241 composite?
False
Is 189113711 prime?
False
Is 131141031943 a composite number?
False
Is 29178123607 a prime number?
True
Is 635186917 composite?
False
Is 3368405413 a prime number?
False
Is 916301605 a composite number?
True
Is 57535251313 a prime number?
True
Is 1550230145 composite?
True
Is 198215527 prime?
True
Is 1071101077 a prime number?
False
Is 17538590089 a prime number?
False
Is 18591294991 a composite number?
False
Is 655366279 prime?
True
Is 39165058385 a prime number?
False
Is 197474555563 a prime number?
False
Is 378490757 prime?
False
Is 3929888993 composite?
False
Is 3594351541 a prime number?
False
Is 529769483 a composite number?
True
Is 206114552161 a prime number?
False
Is 520020569 composite?
False
Is 202285607 a composite number?
True
Is 2568935657 prime?
True
Is 55972600361 prime?
True
Is 924367897 prime?
True
Is 5762808041 a prime number?
True
Is 105026981 a prime number?
True
Is 744180293 a prime number?
False
Is 137234807 composite?
False
Is 7370593735 a prime number?
False
Is 305673421 prime?
True
Is 162992198185 a prime number?
False
Is 68051471 a prime number?
False
Is 9404071861 composite?
True
Is 4461637217 a prime number?
True
Is 2868560971 composite?
False
Is 29341447491 a prime number?
False
Is 459558091 composite?
False
Is 972429361 a composite number?
False
Is 24147983963 composite?
False
Is 12539265677 a composite number?
False
Is 4710573743 prime?
False
Is 153422281 prime?
False
Is 2273518217 a composite number?
False
Is 1550979965 composite?
True
Is 7010598853 composite?
True
Is 998645423 prime?
False
Is 1816874299 prime?
False
Is 96454287049 composite?
True
Is 90517165667 a prime number?
False
Is 485303353 a prime number?
True
Is 151430164793 prime?
False
Is 17986173463 a prime number?
True
Is 129079869077 composite?
False
Is 5539946947 composite?
False
Is 1603799651 prime?
False
Is 2032503827 a prime number?
True
Is 41338389251 prime?
True
Is 177933541 prime?
True
Is 41787820199 prime?
False
Is 223035749 composite?
True
Is 5272847017 a composite number?
False
Is 98152027 composite?
True
Is 292456961 a prime number?
True
Is 4573182329 a composite number?
True
Is 1066350781 prime?
True
Is 10344212621 a composite number?
True
Is 2485166027 a composite number?
False
Is 12109863497 a prime number?
True
Is 41019615457 a prime number?
True
Is 37478030619 a composite number?
True
Is 641935627 a composite number?
False
Is 678932251 composite?
False
Is 79011063709 composite?
False
Is 55203103349 prime?
False
Is 572928311 a prime number?
True
Is 67025949191 a composite number?
True
Is 13383049987 a prime number?
True
Is 193649827 a prime number?
False
Is 929571107 a composite number?
False
Is 2207829989 a composite number?
True
Is 1671673877 a composite number?
False
Is 2474914677 prime?
False
Is 1090201889 composite?
True
Is 4312877249 a prime number?
True
Is 2298075163 a composite number?
True
Is 53346673907 a prime number?
False
Is 4701816781 composite?
False
Is 909059699 a prime number?
True
Is 5588963599 composite?
False
Is 537693523 a composite number?
True
Is 18565451753 a prime number?
False
Is 8116183 a prime number?
False
Is 23217304757 a prime number?
True
Is 523447117 a prime number?
True
Is 1908378001 prime?
False
Is 12630725797 a composite number?
False
Is 5901358823 a composite number?
True
Is 35917609069 a prime number?
True
Is 14354003903 a prime number?
True
Is 13064435233 a composite number?
False
Is 7985995139 a composite number?
False
Is 87152499221 composite?
False
Is 516742637 a composite number?
True
Is 3125570087 prime?
False
Is 15673493189 prime?
True
Is 508489535 composite?
True
Is 5007032981 a composite number?
False
Is 183871613 a prime number?
True
Is 864122473 a prime number?
True
Is 55567149073 composite?
True
Is 13346236081 a prime number?
True
Is 7027437733 composite?
True
Is 143355167 composite?
False
Is 116148231083 prime?
True
Is 90868376297 prime?
True
Is 2854993 a prime number?
True
Is 913982111 a prime number?
False
Is 10782779309 a prime number?
False
Is 35095290463 a prime number?
True
Is 592430171 a prime number?
True
Is 8250859159 prime?
True
Is 1800539491 a prime number?
False
Is 1537889663 prime?
True
Is 130992842681 a prime number?
False
Is 522680131 prime?
True
Is 3116979787 a composite number?
True
Is 2059000133 composite?
False
Is 10695003833 a prime number?
False
Is 1699384471 a composite number?
True
Is 856407191 composite?
False
Is 18344069 composite?
False
Is 41721149057 a prime number?
False
Is 1962810007 prime?
True
Is 180802255769 prime?
True
Is 13977948653 a prime number?
False
Is 14811121597 a prime number?
True
Is 6216325473 prime?
False
Is 422712039 composite?
True
Is 2081430361 prime?
False
Is 8489938427 composite?
True
Is 16949046029 a prime number?
True
Is 4511991511 a prime number?
True
Is 456570031 a prime number?
True
Is 815512823 composite?
True
Is 343487429 a prime number?
False
Is 322199159 a composite number?
True
Is 315003959 prime?
True
Is 1421488127 prime?
True
Is 36107775947 a composite number?
False
Is 43508896643 a prime number?
True
Is 405311981 a prime number?
True
Is 25625208683 prime?
False
Is 20313632627 a prime number?
True
Is 1752631759 prime?
True
Is 10206630013 a composite number?
True
Is 43380385733 composite?
True
Is 132783907 a prime number?
True
Is 75043419397 prime?
False
Is 138721777 a prime number?
True
Is 5462843723 a prime number?
False
Is 126678823391 a prime number?
True
Is 5316098503 composite?
False
Is 6309807809 a prime number?
False
Is 29111801 prime?
True
Is 18287005621 prime?
False
Is 7138092817 prime?
False
Is 4276151947 composite?
False
Is 76847159903 composite?
False
Is 4967233159 composite?
True
Is 11365394197 prime?
True
Is 230314537 a prime number?
True
Is 38240968853 a prime number?
False
Is 1651872613 a prime number?
False
Is 1313285417 a composite number?
False
Is 2967678578 a prime number?
False
Is 16087173679 a composite number?
False
Is 705492119 prime?
False
Is 205775519 a composite number?
True
Is 62901341 a composite number?
True
Is 18045408673 a prime number?
False
Is 796104901 a prime number?
False
Is 1694944369 prime?
True
Is 125033131 composite?
False
Is 16729254599 a prime number?
True
Is 178018369 composite?
True
Is 7974419689 a composite number?
False
Is 1923693461 prime?
False
Is 91526329 a prime number?
False
Is 6883669873 composite?
False
Is 5652060119 prime?
True
Is 26841764497 composite?
True
Is 3274977287 composite?
False
Is 92915000603 prime?
True
Is 157097173 a composite number?
True
Is 2846360057 prime?
False
Is 7431085073 prime?
True
Is 3208142797 composite?
False
Is 460403833 a prime number?
False
Is 26075232311 prime?
False
Is 1180771561 prime?
True
Is 655981409 a prime number?
True
Is 10422403789 composite?
True
Is 247857272515 composite?
True
Is 156948982562 a composite number?
True
Is 45159017 a prime number?
True
Is 328175741 a composite number?
True
Is 29844757594 a prime number?
False
Is 1061480461 prime?
True
Is 655074895 a prime number?
False
Is 5759175533 prime?
True
Is 59250097139 prime?
False
Is 24879062477 a prime number?
False
Is 68041837217 composite?
True
Is 11537165573 prime?
True
Is 26467588643 a prime number?
False
Is 1437701669 composite?
False
Is 1192610279 a composite n